 = -c**2 - 3*c + 4. Suppose 2*b + 0 = 6. What is t(b)?
-14
Let b(f) = 7*f - 10*f**2 + 0*f**3 + 3*f**2 - 8 + 4 + f**3. What is b(6)?
2
Let b(l) = l - 1. Let m be b(-4). Let f(j) = -j**2 - 4*j + 7. Determine f(m).
2
Let x(j) = -10 - 14*j + 14*j + 5*j. Give x(7).
25
Let c(a) be the first derivative of a**3/3 - 3*a**2/2 - 7*a + 35. Calculate c(6).
11
Let a(w) = w**2 - 6*w + 3. Let v be a(2). Let o(d) = -d**2 - 8*d - 5. What is o(v)?
10
Let x be 5/(0/(-1) + -1). Let n(a) = -13*a + 7*a + a**2 + 5 + 11*a. Determine n(x).
5
Let l(f) = f**2 + 2*f. Let z be l(-3). Let h(q) = -5*q**2 + 0*q**3 - q**z - 2*q + 4*q + 2*q**3. Give h(4).
-8
Let p(l) = -l**2 + l + 1. Let i(j) = 6*j**2 - 5. Let z(u) = -i(u) - 5*p(u). Suppose -13*o - 50 = -3*o. Determine z(o).
0
Suppose -2*t + 2 + 4 = 0. Let k(o) = -2*o + 1. Let b(v) = -6*v + 3. Let a(u) = t*b(u) - 8*k(u). Give a(-5).
11
Let c(y) = -y**2 + 1 - 2*y**3 + y - 2 + 0*y**3. Let x = 160 - 162. Determine c(x).
9
Let s(q) = q**2 - 7*q + 7. Let y(r) = r**3 - 4*r**2 + 5*r - 1. Let g be y(3). Determine s(g).
-3
Let g(h) = h - 9. Let r(y) = y - 8. Let j(i) = 5*g(i) - 6*r(i). Let n(a) = -a - 8. Let k be n(-10). Let t = k - 0. Calculate j(t).
1
Let l(z) = -z**2 - 6*z + 10. Let k = 7 - 14. Calculate l(k).
3
Suppose 5*w + 16 = 46. Let s(a) = -a**2 + 4 - w + 5*a - 4. Calculate s(5).
-6
Let b(u) = 2*u - 3*u - 2 + 2*u. Suppose -2*y + 50 = -0*y. Suppose -5*a = -5*d + y, -4*a - 4 = 4. What is b(d)?
1
Let r(p) = 10*p**2 - 8*p**3 + 4*p**3 - 11 + 5*p**3 + 8*p. What is r(-9)?
-2
Let u(t) be the second derivative of -3/2*t**2 - 7/12*t**4 - 7*t + 0 + 0*t**3 - 1/20*t**5. What is u(-7)?
-3
Let y(i) = -i**2 - 7*i - 10. Let j be (112/64)/((-2)/8). What is y(j)?
-10
Suppose 4*s = 5*o + 36, -4*s + s = -3*o - 24. Let v(u) = -2*u**2 - u**2 + s*u**2 - u**3 + u**2 - 1. Calculate v(1).
0
Let l(x) be the first derivative of -x**2 - 5*x - 2. Suppose 3*f = 3 - 9. Let q = -7 - f. Give l(q).
5
Let y(m) = -m**3 + 6*m**2 - m + 3. Let k be y(6). Let s(p) = -2*p**2 - 4*p. What is s(k)?
-6
Let z(t) = t**2 + 4*t - 9. Let k be z(-5). Let r(f) = -2*f - 3. Let s be r(-4). Let q(p) = -2*p + s*p**2 - 2*p**2 - 6 - 5*p + p**3. What is q(k)?
6
Suppose 0 = -4*r - 4, -2*k - 3*r - 6 - 1 = 0. Let y(s) = -3*s. Determine y(k).
6
Let l(u) be the first derivative of -u**5/20 - 5*u**4/12 + u**3/2 + 7*u**2/2 - 2*u + 1. Let c(b) be the first derivative of l(b). Calculate c(-5).
-8
Let w(r) = 10*r. Suppose 3*v - 2*v - 5*x = -12, -4*v - 5*x = -52. Let s(n) = -n**2 + 9*n - 9. Let t be s(v). What is w(t)?
-10
Let w(h) = 5*h - 12. Let s(g) = -g + 3. Let j(u) = -9*s(u) - 2*w(u). What is j(-6)?
3
Let t(w) = -w**3 + 2*w**2 - 1. Suppose -1 = -5*m + o, 0*o + o = 2*m + 2. Suppose i + 0 = m. Calculate t(i).
0
Let v(z) = -z**2 + 7*z + 1. Suppose -4*x - 3*i = -0*i - 21, -4*x - i = -15. Determine v(x).
13
Suppose 3*s - 4*r = 8, -6*s + 5*s - 4 = 2*r. Suppose -4*k - 3*y = -7, k - 3*k - y + 5 = s. Let n(d) = d**3 - 4*d**2 - 3*d + 3. Give n(k).
-9
Let a = 5 + -5. Let p(d) = -4 + a - 2*d + d**2 + d + 0*d. Give p(3).
2
Let k be (-15)/25 + 46/10. Let w(u) = 3*u - 2. What is w(k)?
10
Let j(o) = -5*o + 11. Let q(a) = -6*a + 12. Let s(i) = 7*j(i) - 6*q(i). Let f(m) = -3*m - 14. Let z(u) = -4*f(u) - 11*s(u). Determine z(5).
6
Suppose -3*w + 5*i + 9 = -2*w, i = -3*w + 11. Let n(r) = -r + r + 4*r + r**2 + w. Let x be 15 - 16 - (3 - (0 - 0)). Determine n(x).
4
Let t(k) = k**3 - 3*k**2 - k - 2. Let s be t(3). Let v(j) = -4*j + 1. Determine v(s).
21
Let a(p) be the second derivative of -2/3*p**3 - 1/2*p**2 + 0 + 7*p. What is a(-2)?
7
Let x(d) = -7*d. Let q be (-4)/(-6) + 28/21 + -1. What is x(q)?
-7
Let o(z) be the third derivative of z**5/30 - z**4/6 + z**3/3 + 35*z**2. Calculate o(4).
18
Let g(n) = 3*n**3 - 5*n**2 + 3*n - 3. Let i(y) = y**3 - y + 1. Suppose 2*u + 1 - 3 = 0. Let c(s) = u*g(s) - 2*i(s). Let p = -32 - -36. Determine c(p).
-1
Let x(b) = -b**3 + 2*b**2. Suppose 1 = 3*d + d - z, 5*d = -z + 8. Calculate x(d).
1
Suppose 5*y + 7 = 3*h, -3*h - 16 = 4*y - 8*h. Let z(j) = 15*j. What is z(y)?
15
Let c be ((-6)/8)/(2/8). Let y(j) = -4*j - 3. Let u be y(c). Let k be (-1 - u)*2/4. Let s(r) = r**2 + 6*r - 3. Give s(k).
-8
Let q be (-4)/(-5)*(-10)/(-4). Let s(i) = -2*i + 1 - 1 + i**q - 7. Let f(u) = -3*u**2 + 5*u + 21. Let g(y) = -6*f(y) - 17*s(y). Determine g(-5).
-2
Suppose j + 5*l = -2*j - 5, -3*l = -4*j + 32. Let p(n) = -5*n - 4 - 2*n + j. Let d be 4/(-12) - 4/6. Give p(d).
8
Let c = 2 - 2. Suppose c = -2*y + y. Let n(l) = 4*l - 3*l + 1 - 3. Give n(y).
-2
Let v(f) = -15*f + 5. Let l(q) = 14*q - 4. Let c(p) = 6*l(p) + 5*v(p). Determine c(-2).
-17
Let n = 8 + -11. Let c(k) = k**3 + 2*k**2 - 3*k + 3. Determine c(n).
3
Let r be (-8 + -2)*2/(-4). Let d(j) = j - 7. Let l be d(r). Let o(k) = -3*k - 1. Give o(l).
5
Let d(l) = -l - 10. Let t be ((-63)/14)/((-6)/(-8)). Give d(t).
-4
Suppose -4*r - 4*i = 24, 4*r = -0*r - i - 9. Let s(m) be the second derivative of -3*m**5/10 + m**4/12 + 3*m. What is s(r)?
7
Let z(g) = g**3 + g**2 - 3*g. Let l be 3/((3 - 6) + 2). Let j be z(l). Let b be 2 - (-2)/((-6)/j). Let v(d) = d - 2. Calculate v(b).
3
Let o(x) = -3*x + 1. Let u be (5/(-4))/((-2)/(-8)). Let a = -4 - u. Suppose 4*s = -a - 7. What is o(s)?
7
Let p(y) = y**3 - y**2 + y - 1. Let k(l) = 3*l**3 - 2*l**2 + 5*l - 8. Let u be (-6)/10 - 12/30. Let f(a) = u*k(a) + 4*p(a). What is f(3)?
10
Let v(s) = -s**3 + 8*s**2 + 10*s - 2. Let n(x) = -1. Let g(t) = 4*n(t) + v(t). What is g(9)?
3
Let f(q) = 40*q**2 - 27*q - 39*q**2 + 6 + 36*q. What is f(-8)?
-2
Let g be 1/((-14)/(-6) + -2). Let d(k) = 2*k**2 + 0 - k**g - k - 3*k**2 - 1. What is d(-1)?
0
Let m(h) = -7*h - 3. Let t be m(1). Let c(j) = -j - 10. Give c(t).
0
Let w = -1 - -6. Let y(a) = 3*a - 4. Calculate y(w).
11
Let a(t) be the first derivative of -t**7/840 + t**6/180 + t**5/60 + t**4/24 - 4*t**3/3 + 3. Let w(f) be the third derivative of a(f). Give w(3).
-2
Let o(b) = -b**3 - b**2 + 6*b - 2. Let w(p) = -2*p**3 - 2*p**2 + 13*p - 4. Let y(x) = 7*o(x) - 3*w(x). Calculate y(-3).
7
Let b = 60 + -56. Let f(u) = -u**3 + 3*u**2 + 3*u + 3. What is f(b)?
-1
Let k(s) = -s**2 - 6*s + 2. Let z = 7 - 14. What is k(z)?
-5
Let h(b) = -2*b**3 - b**2 - 2*b - 1. Let c be h(-1). Let f(i) = -6*i + c + 4*i + i. Give f(5).
-3
Let t(y) = y - 1. Let s = 225 + -101. Suppose 151 = 5*c + l, -4*l + s = 4*c - 0*c. Suppose -4*d + c = d. Determine t(d).
5
Let o(i) = i**2 + 4*i - 6. Let c = 106 - 111. Give o(c).
-1
Let g be (-4)/(-10)*40/4. Suppose -q + 7 = -g*m, -4*m + q = 2*q + 17. Let u(c) = -c - 6. What is u(m)?
-3
Let c(u) be the second derivative of -u**4/12 + 2*u**3/3 - u**2 + u. Suppose 2*h + y - 7 = 0, -3*h + 31 = 2*h - 2*y. Calculate c(h).
-7
Let j(p) = -7*p**2 - 10*p - 9. Let d(u) = -4*u**2 - 5*u - 5. Let k(l) = -l**3 - 6*l**2 - l - 3. Let q be k(-6). Let w(g) = q*j(g) - 5*d(g). What is w(-3)?
4
Suppose 3*y = 4*y - 7. Suppose -2*w + 1 - y = 0. Let m(x) = -4*x**3 + 8*x**2 - x - 2. Let s(h) = h**3 - h**2 + 1. Let b(g) = -m(g) - 5*s(g). What is b(w)?
-6
Let d = -20 + 25. Suppose 0 = -4*m + d - 29. Let r(a) = -a**2 - 7*a - 5. Give r(m).
1
Let w(y) be the second derivative of -y**3/6 - 13*y. What is w(-5)?
5
Suppose -y - 7 + 0 = 0. Let w(a) = -4*a**3 - 3*a**2 + 8*a + 7. Let g(f) = 9*f**3 + 5*f**2 - 16*f - 15. Let j(q) = -3*g(q) - 7*w(q). Calculate j(y).
3
Suppose -14*h = -10*h - 8. Let m(z) = z**2 - z + 2. Give m(h).
4
Let b(d) = -d**3 + 9*d**2 - 9*d + 10. Let i be b(8). Let m(c) be the first derivative of 1 - 10*c**2 - 2 + 8*c**i. What is m(-2)?
8
Suppose -j + 4*j + k - 40 = 0, -3*k + 60 = 5*j. Suppose -2*d + 7*d = -j. Let z(m) be the first derivative of -m**3/3 - 5*m**2/2 - 2*m - 4. What is z(d)?
4
Let z(d) = -1 + 8*d + 2 + 2 - 6*d. Determine z(3).
9
Let x(p) = -p**2 + p - 3. Let y(w) = -w**2 - w + 5. Let q be y(0). Suppose 4*o = q*o. Give x(o).
-3
Suppose -k - 7 = j, 5*j = 4*k - 11 + 3. Let l(b) be the first derivative of b**3/3 + b**2 - b - 61. Give l(k).
2
Let u(w) = w**2 + w - 1. Let i(k) = -6*k**2 + 5. Let y(a) = i(a) + 5*u(a). Suppose 5*p - 1 = 24. Let o = p - 1. Calculate y(o).
4
Let b be 0 - (-2)/4*2. Let r(v) = v - 1. Let g(f) = 2*f**3 + f**2 - 5*f + 4. Let x(k) = b*g(k) + 3*r(k). Calculate x(1).
2
Let f(q) = 0*q**2 + 4*q**2 - q**3 - 1 + 5*q - q**2. Let g be f(4). Let j(p) = -6 + 8 - 